{"id":5708,"date":"2021-03-03T16:09:29","date_gmt":"2021-03-03T15:09:29","guid":{"rendered":"https:\/\/www.cgfe.de\/lge-de\/?page_id=5708"},"modified":"2026-03-26T12:08:35","modified_gmt":"2026-03-26T11:08:35","slug":"kontakt","status":"publish","type":"page","link":"https:\/\/www.cgfe.de\/lge-de\/kontakt\/","title":{"rendered":"Kontakt und Preise"},"content":{"rendered":"\n\n<form id=\"torro-form-6245\" class=\"torro-form\" action=\"https:\/\/www.cgfe.de\/lge-de\/wp-json\/wp\/v2\/pages\/5708\" method=\"post\" enctype=\"multipart\/form-data\" novalidate>\n\t\t\t\n\t<p><span aria-hidden=\"true\">Erforderliche Felder sind wie folgt markiert <span class=\"torro-required-indicator\">*<\/span>.<\/span><\/p>\n\n\n\t<div id=\"torro-element-41-wrap\" class=\"torro-element-wrap\">\n\t\n\t<label id=\"torro-element-41-label\" class=\"torro-element-label\" for=\"torro-element-41\">\n\t\tName, Vorname\t\t<span class=\"screen-reader-text\">(erforderlich)<\/span><span class=\"torro-required-indicator\" aria-hidden=\"true\">*<\/span>\t<\/label>\n\n\t<div>\n\t\t\n\t\t<input id=\"torro-element-41\" name=\"torro_submission[values][41][_main]\" class=\"torro-element-input\" type=\"text\" aria-required=\"true\" required value=\"\">\n\n\t\t\t<\/div>\n\n\t<\/div>\n\t<div id=\"torro-element-42-wrap\" class=\"torro-element-wrap\">\n\t\n\t<label id=\"torro-element-42-label\" class=\"torro-element-label\" for=\"torro-element-42\">\n\t\tStra\u00dfe\t\t<span class=\"screen-reader-text\">(erforderlich)<\/span><span class=\"torro-required-indicator\" aria-hidden=\"true\">*<\/span>\t<\/label>\n\n\t<div>\n\t\t\n\t\t<input id=\"torro-element-42\" name=\"torro_submission[values][42][_main]\" class=\"torro-element-input\" type=\"text\" aria-required=\"true\" required value=\"\">\n\n\t\t\t<\/div>\n\n\t<\/div>\n\t<div id=\"torro-element-43-wrap\" class=\"torro-element-wrap\">\n\t\n\t<label id=\"torro-element-43-label\" class=\"torro-element-label\" for=\"torro-element-43\">\n\t\tPLZ, Ort\t\t<span class=\"screen-reader-text\">(erforderlich)<\/span><span class=\"torro-required-indicator\" aria-hidden=\"true\">*<\/span>\t<\/label>\n\n\t<div>\n\t\t\n\t\t<input id=\"torro-element-43\" name=\"torro_submission[values][43][_main]\" class=\"torro-element-input\" type=\"text\" aria-required=\"true\" required value=\"\">\n\n\t\t\t<\/div>\n\n\t<\/div>\n\t<div id=\"torro-element-44-wrap\" class=\"torro-element-wrap\">\n\t\n\t<label id=\"torro-element-44-label\" class=\"torro-element-label\" for=\"torro-element-44\">\n\t\tE-Mail-Adresse\t\t<span class=\"screen-reader-text\">(erforderlich)<\/span><span class=\"torro-required-indicator\" aria-hidden=\"true\">*<\/span>\t<\/label>\n\n\t<div>\n\t\t\n\t\t<input id=\"torro-element-44\" name=\"torro_submission[values][44][_main]\" class=\"torro-element-input\" type=\"email\" aria-required=\"true\" required value=\"\">\n\n\t\t\t<\/div>\n\n\t<\/div>\n\t<div id=\"torro-element-45-wrap\" class=\"torro-element-wrap\">\n\t\n\t<label id=\"torro-element-45-label\" class=\"torro-element-label\" for=\"torro-element-45\">\n\t\tBetreff\t\t\t<\/label>\n\n\t<div>\n\t\t\n\t\t<input id=\"torro-element-45\" name=\"torro_submission[values][45][_main]\" class=\"torro-element-input\" type=\"text\" value=\"\">\n\n\t\t\t<\/div>\n\n\t<\/div>\n\t<div id=\"torro-element-61-wrap\" class=\"torro-element-wrap\">\n\t\n\t<label id=\"torro-element-61-label\" class=\"torro-element-label\" for=\"torro-element-61\">\n\t\tNachricht\t\t\t<\/label>\n\n\t<div>\n\t\t\n\t\t<textarea id=\"torro-element-61\" name=\"torro_submission[values][61][_main]\" class=\"torro-element-input\" rows=\"10\" cols=\"75\"><\/textarea>\n\n\t\t\t<\/div>\n\n\t<\/div>\n\t<div id=\"torro-element-59-wrap\" class=\"torro-element-wrap\">\n\t\n\t<div>\n\t\t<div id=\"torro-element-59\" class=\"torro-element-input\">\n\t\t\t<p>Durch das Ausf\u00fcllen dieses Anfrageformulars stimmen Sie die Verarbeitung Ihrer Daten gem\u00e4\u00df der DSVGO zu, diese sind unter folgendem <a href=\"https:\/\/www.cgfe.de\/lge-de\/uber-uns\/mehr\/anfahrt\/datenschutzerklarung\/\">Link<\/a> zu finden.<\/p>\n\t\t<\/div>\n\t<\/div>\n\n\t<\/div>\n\n\t\n\t\t\t<div id=\"torro-email-wrap\" class=\"torro-element-wrap\">\n\t\n\t<label id=\"torro-email-label\" class=\"torro-element-label\" for=\"torro-email\">\n\t\tFinger weg von diesem Feld, wenn Du ein Mensch bist.\t\t\t<\/label>\n\n\t<div>\n\t\t\n\t\t<input type=\"text\" id=\"torro-email\" name=\"email\" class=\"torro-element-input\">\n\n\t\t\t<\/div>\n\n\t<\/div>\n\t\n\t<div class=\"torro-pager\">\n\t\t\n\t\t\t\t\t<div class=\"next\">\n\t\t\t\t<button type=\"submit\" name=\"torro_submission[action]\" value=\"submit\" class=\"torro-button torro-button-primary\">Senden<\/button>\n\t\t\t<\/div>\n\t\t\t<\/div>\n\n\t\n\t<input type=\"hidden\" name=\"torro_submission[nonce]\" value=\"6f76ed9806\"><input type=\"hidden\" name=\"torro_submission[form_id]\" value=\"6245\"><\/form>\n\n\n\n\n\n\n\n\n\n","protected":false},"excerpt":{"rendered":"","protected":false},"author":3,"featured_media":0,"parent":0,"menu_order":0,"comment_status":"closed","ping_status":"closed","template":"","meta":{"saved_in_kubio":true,"ngg_post_thumbnail":0,"footnotes":""},"class_list":["post-5708","page","type-page","status-publish","hentry"],"kubio_ai_page_context":{"short_desc":"","purpose":"general"},"_links":{"self":[{"href":"https:\/\/www.cgfe.de\/lge-de\/wp-json\/wp\/v2\/pages\/5708","targetHints":{"allow":["GET"]}}],"collection":[{"href":"https:\/\/www.cgfe.de\/lge-de\/wp-json\/wp\/v2\/pages"}],"about":[{"href":"https:\/\/www.cgfe.de\/lge-de\/wp-json\/wp\/v2\/types\/page"}],"author":[{"embeddable":true,"href":"https:\/\/www.cgfe.de\/lge-de\/wp-json\/wp\/v2\/users\/3"}],"replies":[{"embeddable":true,"href":"https:\/\/www.cgfe.de\/lge-de\/wp-json\/wp\/v2\/comments?post=5708"}],"version-history":[{"count":3,"href":"https:\/\/www.cgfe.de\/lge-de\/wp-json\/wp\/v2\/pages\/5708\/revisions"}],"predecessor-version":[{"id":6732,"href":"https:\/\/www.cgfe.de\/lge-de\/wp-json\/wp\/v2\/pages\/5708\/revisions\/6732"}],"wp:attachment":[{"href":"https:\/\/www.cgfe.de\/lge-de\/wp-json\/wp\/v2\/media?parent=5708"}],"curies":[{"name":"wp","href":"https:\/\/api.w.org\/{rel}","templated":true}]}}