{"id":5816,"date":"2021-05-18T11:22:19","date_gmt":"2021-05-18T10:22:19","guid":{"rendered":"https:\/\/www.cgfe.de\/lge-de\/?page_id=5816"},"modified":"2025-05-08T15:38:12","modified_gmt":"2025-05-08T14:38:12","slug":"aktiv","status":"publish","type":"page","link":"https:\/\/www.cgfe.de\/lge-de\/umgebung\/aktiv\/","title":{"rendered":"Aktiv"},"content":{"rendered":"\n<ul class=\"wp-block-list\">\n<li><a href=\"#Klangpfad\">Klangpfad &#8211; Trusetal<\/a><\/li>\n\n\n\n<li><a href=\"#Funpark\">FunPark &#8211; Gro\u00dfe Inselsberg<\/a><\/li>\n\n\n\n<li><a href=\"#Trampolinpark\">Trampolinpark &#8211; Erfurt<\/a><\/li>\n\n\n\n<li><a href=\"#Maxxis\">Maxxis Indoor Spielparadies &#8211; Emleben<\/a><\/li>\n\n\n\n<li><a href=\"#Indoor Kletterpark\">Indoor Kletterpark &#8211; Eisenach<\/a><\/li>\n\n\n\n<li><a href=\"#Kletterwald\">Kletterwald &#8211; Bad Tabarz<\/a><\/li>\n\n\n\n<li><a href=\"#Aktivpark\" title=\"#Aktivpark\">Aktivpark &#8211; Hohenfelden<\/a><\/li>\n\n\n\n<li><a href=\"#Baumkronenpfad\">Baumkronenpfad &#8211; Nationalpark Hainich<\/a><\/li>\n<\/ul>\n\n\n\n<hr class=\"wp-block-separator has-css-opacity\" \/>\n\n\n\n<h4 class=\"wp-block-heading\" id=\"Klangpfad\">Klangpfad -Trusetal<\/h4>\n\n\n\n<p>Abenteuerliche Instrumente und t\u00f6nende \u00dcberraschungen erwarten Sie auf einem wild- romantischen Rundweg. Ein Erlebnispfad f\u00fcr Kinder und Erwachsene jeden Alters. Der Park befindet sich auf einem ehemaligen Bergbaugel\u00e4nde. Dadurch bot sich die Gelegenheit, Altbest\u00e4nde mit zu verwenden und somit zu neuem Leben zu erwecken.<\/p>\n\n\n\n<figure class=\"wp-block-gallery aligncenter has-nested-images columns-default is-cropped wp-block-gallery-1 is-layout-flex wp-block-gallery-is-layout-flex\">\n<figure class=\"wp-block-image size-large\"><a href=\"https:\/\/www.cgfe.de\/lge-de\/wp-content\/uploads\/sites\/17\/2021\/05\/2020-08-8396-compri.jpg\"><img loading=\"lazy\" decoding=\"async\" width=\"768\" height=\"1024\" data-id=\"5864\" src=\"https:\/\/www.cgfe.de\/lge-de\/wp-content\/uploads\/sites\/17\/2021\/05\/2020-08-8396-compri-768x1024.jpg\" alt=\"\" class=\"wp-image-5864\" srcset=\"https:\/\/www.cgfe.de\/lge-de\/wp-content\/uploads\/sites\/17\/2021\/05\/2020-08-8396-compri-768x1024.jpg 768w, https:\/\/www.cgfe.de\/lge-de\/wp-content\/uploads\/sites\/17\/2021\/05\/2020-08-8396-compri-225x300.jpg 225w, https:\/\/www.cgfe.de\/lge-de\/wp-content\/uploads\/sites\/17\/2021\/05\/2020-08-8396-compri.jpg 1000w\" sizes=\"(max-width: 768px) 100vw, 768px\" \/><\/a><\/figure>\n\n\n\n<figure class=\"wp-block-image size-large\"><a href=\"https:\/\/www.cgfe.de\/lge-de\/wp-content\/uploads\/sites\/17\/2021\/05\/IMG_4565-compri.jpg\"><img loading=\"lazy\" decoding=\"async\" width=\"768\" height=\"1024\" data-id=\"5862\" src=\"https:\/\/www.cgfe.de\/lge-de\/wp-content\/uploads\/sites\/17\/2021\/05\/IMG_4565-compri-768x1024.jpg\" alt=\"\" class=\"wp-image-5862\" srcset=\"https:\/\/www.cgfe.de\/lge-de\/wp-content\/uploads\/sites\/17\/2021\/05\/IMG_4565-compri-768x1024.jpg 768w, https:\/\/www.cgfe.de\/lge-de\/wp-content\/uploads\/sites\/17\/2021\/05\/IMG_4565-compri-225x300.jpg 225w, https:\/\/www.cgfe.de\/lge-de\/wp-content\/uploads\/sites\/17\/2021\/05\/IMG_4565-compri.jpg 1000w\" sizes=\"(max-width: 768px) 100vw, 768px\" \/><\/a><\/figure>\n\n\n\n<figure class=\"wp-block-image size-large\"><a href=\"https:\/\/www.cgfe.de\/lge-de\/wp-content\/uploads\/sites\/17\/2021\/05\/IMG_4544-compri.jpg\"><img loading=\"lazy\" decoding=\"async\" width=\"768\" height=\"1024\" data-id=\"5866\" src=\"https:\/\/www.cgfe.de\/lge-de\/wp-content\/uploads\/sites\/17\/2021\/05\/IMG_4544-compri-768x1024.jpg\" alt=\"\" class=\"wp-image-5866\" srcset=\"https:\/\/www.cgfe.de\/lge-de\/wp-content\/uploads\/sites\/17\/2021\/05\/IMG_4544-compri-768x1024.jpg 768w, https:\/\/www.cgfe.de\/lge-de\/wp-content\/uploads\/sites\/17\/2021\/05\/IMG_4544-compri-225x300.jpg 225w, https:\/\/www.cgfe.de\/lge-de\/wp-content\/uploads\/sites\/17\/2021\/05\/IMG_4544-compri.jpg 1000w\" sizes=\"(max-width: 768px) 100vw, 768px\" \/><\/a><\/figure>\n<\/figure>\n\n\n\n\n\n<hr class=\"wp-block-separator has-css-opacity\" \/>\n\n\n\n<hr class=\"wp-block-separator has-css-opacity\" \/>\n\n\n\n<h4 class=\"wp-block-heading\" id=\"Funpark\">FunPark &#8211; Gro\u00dfe Inselsberg<\/h4>\n\n\n\n<p>Sommerrodelbahn &#8211; Wie-Flyer &#8211; Rennsteig-Fox &#8211; Abenteuerspielplatz<br>Funpark Inselsberg, Kleiner Inselsberg 3, 98596 Brotterode-Trusetal <\/p>\n\n\n\n<figure class=\"wp-block-image size-large\"><a href=\"https:\/\/www.cgfe.de\/lge-de\/wp-content\/uploads\/sites\/17\/2013\/05\/rodeln.jpg\"><img loading=\"lazy\" decoding=\"async\" width=\"448\" height=\"336\" src=\"https:\/\/www.cgfe.de\/lge-de\/wp-content\/uploads\/sites\/17\/2013\/05\/rodeln.jpg\" alt=\"\" class=\"wp-image-2382\" srcset=\"https:\/\/www.cgfe.de\/lge-de\/wp-content\/uploads\/sites\/17\/2013\/05\/rodeln.jpg 448w, https:\/\/www.cgfe.de\/lge-de\/wp-content\/uploads\/sites\/17\/2013\/05\/rodeln-300x225.jpg 300w\" sizes=\"(max-width: 448px) 100vw, 448px\" \/><\/a><\/figure>\n\n\n\n\n\n<p><\/p>\n\n\n\n<hr class=\"wp-block-separator has-css-opacity\" \/>\n\n\n\n<h4 class=\"wp-block-heading\" id=\"Trampolinpark\">Trampolinpark &#8211; Erfurt<\/h4>\n\n\n\n<p> Spa\u00df und Action f\u00fcr die ganze Familie! Perfekt f\u00fcr Schlechtwettertage \u2013 mit Trampolinen, Parcours und Sprungbereichen.  <br>Myjump Th\u00fcringen An der Lache 11, 99086 Erfurt<\/p>\n\n\n\n\n\n<hr class=\"wp-block-separator has-css-opacity\" \/>\n\n\n\n<h4 class=\"wp-block-heading\" id=\"Maxxis\">Maxxis Indoor Spielparadies &#8211; Emleben<\/h4>\n\n\n\n<p>Langeweile, Regenwetter? Komm ins Maxxis Spieleparadies, es erwarten euch viele spannende Attraktionen und jede Menge Spa\u00df. Ihr k\u00f6nnt h\u00fcpfen, klettern, rutschen, euch so richtig austoben und aktiv bet\u00e4tigen. In unserem Bistro gibt es k\u00f6stliche Leckereien f\u00fcr die kleinen und gro\u00dfen Besucher.<br>Maxxis Familien und Spieleparadies, Pfauseeallee 8 (Gewerbegebiet), 99869 Emleben<\/p>\n\n\n\n\n\n<hr class=\"wp-block-separator has-css-opacity\" \/>\n\n\n\n<h4 class=\"wp-block-heading\" id=\"Indoor-Kletterpark\">Indoor Kletterpark &#8211; Eisenach<\/h4>\n\n\n\n<p>Ein Erlebnis f\u00fcr Gro\u00df und Klein<br>Die Alte Brauerei Eisenach bietet den idealen Standort f\u00fcr ein Klettervergn\u00fcgen bei Wind und Wetter, denn bei uns k\u00f6nnen Sie sechs verschiedene Parcours mit mehr als 30 Elementen in einer modern ausgestatteten 347 m2 gro\u00dfen Halle mit unvergleichbarem Flair gesch\u00fctzt von allen Wetterumst\u00e4nden bestreiten. Nach einer professionellen Einf\u00fchrung unserer Mitarbeiter und dem Anlegen der Sicherungen kann es auch schon losgehen \u2013 Ihre Tour durch den Kletterpark Eisenach.<br>Indoor Kletterpark, Wartburgallee 25, 99817 Eisenach<\/p>\n\n\n\n\n\n<hr class=\"wp-block-separator has-css-opacity\" \/>\n\n\n\n<h4 class=\"wp-block-heading\" id=\"Kletterwald\">Kletterwald &#8211; Drei Gleichen<\/h4>\n\n\n\n<p>Im Kletterwald Drei Gleichen, dem Abenteuer f\u00fcr die ganze Familie. Bereits Kinder ab 6 Jahren d\u00fcrfen sich bei uns austoben und probieren. Es erwartet euch ein Erlebnis in einer Kombination aus Sport und Spa\u00df in der Natur.<\/p>\n\n\n\n<p>Testet eure F\u00e4higkeiten an Kletterelementen in bis zu 10 Metern H\u00f6he. Von der Netzbr\u00fccke \u00fcber schwankende Balken bis zum \u201eFreien Fall\u201c sind die verschiedensten Herausforderungen mit ganz viel Spa\u00df zu l\u00f6sen. Von Baum zu Baum, von Plattform zu Plattform k\u00f6nnt ihr auf insgesamt 8 Parcours mit \u00fcber 70 Elementen und Seilbahnen eure Balance und euer Klettertalent, gepaart mit der H\u00f6he, testen.<br>Kletterwald Drei Gleichen, Ringhofen 1, 99869 M\u00fchlberg<\/p>\n\n\n\n\n\n<hr class=\"wp-block-separator has-css-opacity\" \/>\n\n\n\n<h4 class=\"wp-block-heading\" id=\"Aktivpark\">Aktivpark &#8211; Hohenfelden<\/h4>\n\n\n\n<p>Kletterwald &#8211; Streichelzoo &#8211; Bogenschie\u00dfen &#8211; Adventure-Golf &#8211; Kletterspielplatz &#8211; Bungeetrampolin<br>Aktivpark Hohenfelden, Am Stausee 6, 99448 Kranichfeld<\/p>\n\n\n\n\n\n<hr class=\"wp-block-separator has-css-opacity\" \/>\n\n\n\n<h4 class=\"wp-block-heading\" id=\"Baumkronenpfad\">Baumkronenpfad &#8211; Nationalpark Hainich<\/h4>\n\n\n\n<p>Steigen Sie dem Urwald aufs Dach auf einem der sch\u00f6nsten Wipfelwege Deutschlands &#8211; dem Baumkronenpfad im UNESCO-Weltnaturerbe Nationalpark Hainich und erhalten Sie atemberaubende Einblicke in Th\u00fcringens Natur.<\/p>\n\n\n","protected":false},"excerpt":{"rendered":"<p>Klangpfad -Trusetal Abenteuerliche Instrumente und t\u00f6nende \u00dcberraschungen erwarten Sie auf einem wild- romantischen Rundweg. Ein Erlebnispfad f\u00fcr Kinder und Erwachsene jeden Alters. Der Park befindet sich auf einem ehemaligen Bergbaugel\u00e4nde. Dadurch bot sich die Gelegenheit, Altbest\u00e4nde mit zu verwenden und somit zu neuem Leben zu erwecken. FunPark &#8211; Gro\u00dfe Inselsberg Sommerrodelbahn &#8211; Wie-Flyer &#8211; Rennsteig-Fox [&hellip;]<\/p>\n","protected":false},"author":3,"featured_media":0,"parent":806,"menu_order":4,"comment_status":"closed","ping_status":"closed","template":"","meta":{"saved_in_kubio":true,"ngg_post_thumbnail":0,"footnotes":""},"class_list":["post-5816","page","type-page","status-publish","hentry"],"kubio_ai_page_context":{"short_desc":"","purpose":"general"},"_links":{"self":[{"href":"https:\/\/www.cgfe.de\/lge-de\/wp-json\/wp\/v2\/pages\/5816","targetHints":{"allow":["GET"]}}],"collection":[{"href":"https:\/\/www.cgfe.de\/lge-de\/wp-json\/wp\/v2\/pages"}],"about":[{"href":"https:\/\/www.cgfe.de\/lge-de\/wp-json\/wp\/v2\/types\/page"}],"author":[{"embeddable":true,"href":"https:\/\/www.cgfe.de\/lge-de\/wp-json\/wp\/v2\/users\/3"}],"replies":[{"embeddable":true,"href":"https:\/\/www.cgfe.de\/lge-de\/wp-json\/wp\/v2\/comments?post=5816"}],"version-history":[{"count":3,"href":"https:\/\/www.cgfe.de\/lge-de\/wp-json\/wp\/v2\/pages\/5816\/revisions"}],"predecessor-version":[{"id":6608,"href":"https:\/\/www.cgfe.de\/lge-de\/wp-json\/wp\/v2\/pages\/5816\/revisions\/6608"}],"up":[{"embeddable":true,"href":"https:\/\/www.cgfe.de\/lge-de\/wp-json\/wp\/v2\/pages\/806"}],"wp:attachment":[{"href":"https:\/\/www.cgfe.de\/lge-de\/wp-json\/wp\/v2\/media?parent=5816"}],"curies":[{"name":"wp","href":"https:\/\/api.w.org\/{rel}","templated":true}]}}