{"id":830,"date":"2012-10-22T13:54:48","date_gmt":"2012-10-22T12:54:48","guid":{"rendered":"http:\/\/nl.landgutengelsbach.eu\/?page_id=830"},"modified":"2017-11-28T17:20:54","modified_gmt":"2017-11-28T16:20:54","slug":"eisenach","status":"publish","type":"page","link":"https:\/\/www.cgfe.de\/lge-de\/umgebung\/kultur\/eisenach\/","title":{"rendered":"Eisenach"},"content":{"rendered":"ngg_shortcode_0_placeholder\n<p>Bereits im 12. Jahrhundert wird Eisenach in Urkunden benannt.<\/p>\n<p>Hier kann man gro\u00dfen Namen der deutschen Geschichte begegnen, z.B. dem Komponisten Johann Sebastian Bach oder Martin Luther, der in der Wartburg Unterschlupf fand, als er f\u00fcr &#8222;vogelfrei&#8220; erkl\u00e4rt wurde.<\/p>\n<p>Er &nbsp;\u00fcbersetzte in dieser Zeit das neue Testament in die deutsche Sprache.<\/p>\n<p>Die Wartburg thront hoch \u00fcber Eisenach und ist &nbsp;aus jeder Richtung gut zu erkennen.<\/p>\n<p>Auch die Heilige Elisabeth von Th\u00fcringen hat im 3. Jahrhundert auf der Burg gewohnt. Von dort besuchte und pflegte sie die Kranken.<\/p>\n<p>In der Eisenachs Innenstadt gibt es viele pr\u00e4chtige Geb\u00e4ude zu sehen, zum Beispiel die&nbsp;Georgenkirche. Hier hielt &nbsp;hielt Luther im Jahr&nbsp;1521&nbsp; eine Predigt, obwohl er bereits unter dem Reichsbann stand. Im Jahr&nbsp;1695 wurde Johann Sebastian Bach in dieser Kirche getauft.<\/p>\n<p>Im Geburtshaus von J. S. Bach kann man eine beeindruckende Sammlung \u00fcber das Leben der Familie Bach und Instrumenten aus dieser Zeit besichtigen.&nbsp;Daneben steht ein Denkmal des ber\u00fchmten Komponisten.<\/p>\n<p>Als Autoliebhaber ist auch ein Besuch im Automobil-Museum sehr empfehlenswert.<\/p>\n<p>&nbsp;<\/p>\n","protected":false},"excerpt":{"rendered":"<p>Bereits im 12. Jahrhundert wird Eisenach in Urkunden benannt. Hier kann man gro\u00dfen Namen der deutschen Geschichte begegnen, z.B. dem Komponisten Johann Sebastian Bach oder Martin Luther, der in der Wartburg Unterschlupf fand, als er f\u00fcr &#8222;vogelfrei&#8220; erkl\u00e4rt wurde. Er &nbsp;\u00fcbersetzte in dieser Zeit das neue Testament in die deutsche Sprache. Die Wartburg thront hoch [&hellip;]<\/p>\n","protected":false},"author":1,"featured_media":4331,"parent":1978,"menu_order":11,"comment_status":"closed","ping_status":"closed","template":"","meta":{"saved_in_kubio":false,"ngg_post_thumbnail":0,"footnotes":""},"class_list":["post-830","page","type-page","status-publish","has-post-thumbnail","hentry"],"kubio_ai_page_context":{"short_desc":"","purpose":"general"},"_links":{"self":[{"href":"https:\/\/www.cgfe.de\/lge-de\/wp-json\/wp\/v2\/pages\/830","targetHints":{"allow":["GET"]}}],"collection":[{"href":"https:\/\/www.cgfe.de\/lge-de\/wp-json\/wp\/v2\/pages"}],"about":[{"href":"https:\/\/www.cgfe.de\/lge-de\/wp-json\/wp\/v2\/types\/page"}],"author":[{"embeddable":true,"href":"https:\/\/www.cgfe.de\/lge-de\/wp-json\/wp\/v2\/users\/1"}],"replies":[{"embeddable":true,"href":"https:\/\/www.cgfe.de\/lge-de\/wp-json\/wp\/v2\/comments?post=830"}],"version-history":[{"count":3,"href":"https:\/\/www.cgfe.de\/lge-de\/wp-json\/wp\/v2\/pages\/830\/revisions"}],"predecessor-version":[{"id":4968,"href":"https:\/\/www.cgfe.de\/lge-de\/wp-json\/wp\/v2\/pages\/830\/revisions\/4968"}],"up":[{"embeddable":true,"href":"https:\/\/www.cgfe.de\/lge-de\/wp-json\/wp\/v2\/pages\/1978"}],"wp:featuredmedia":[{"embeddable":true,"href":"https:\/\/www.cgfe.de\/lge-de\/wp-json\/wp\/v2\/media\/4331"}],"wp:attachment":[{"href":"https:\/\/www.cgfe.de\/lge-de\/wp-json\/wp\/v2\/media?parent=830"}],"curies":[{"name":"wp","href":"https:\/\/api.w.org\/{rel}","templated":true}]}}